{"id":2898,"date":"2025-04-01T19:30:38","date_gmt":"2025-04-01T17:30:38","guid":{"rendered":"https:\/\/www.pierre-schon.lu\/startsait\/"},"modified":"2025-12-03T20:44:09","modified_gmt":"2025-12-03T19:44:09","slug":"startsait","status":"publish","type":"page","link":"https:\/\/www.pierre-schon.lu\/lu\/","title":{"rendered":"Starts\u00e4it"},"content":{"rendered":"\n<div class=\"wp-block-group page-hero has-background is-content-justification-center is-nowrap is-layout-flex wp-container-core-group-is-layout-23441af8 wp-block-group-is-layout-flex\" style=\"background-color:#00a3e0\">\n<h2 class=\"wp-block-heading has-text-align-center hero-text has-ast-global-color-4-color has-text-color has-link-color wp-elements-9292a174ab7cfd6be657aac07fabc4ae\" style=\"font-size:30px\">Am l\u00e9iwe Gedenken un de Pierre Schon<br>(1915 \u2013 1991)<\/h2>\n\n\n\n<div class=\"wp-block-group is-vertical is-layout-flex wp-container-core-group-is-layout-fe9cc265 wp-block-group-is-layout-flex\">\n<p class=\"has-ast-global-color-4-color has-text-color has-link-color wp-elements-b5be9b0022782dfb977bba45c8b0337e\"><\/p>\n<\/div>\n\n\n\n<figure class=\"wp-block-image is-resized\"><img decoding=\"async\" src=\"https:\/\/www.pierre-schon.lu\/wp-content\/uploads\/2025\/06\/PierreCoverPage-651x1024.jpg\" alt=\"The current image has no alternative text. The file name is: PierreCoverPage-scaled.jpg \" style=\"width:271px;height:auto\"\/><\/figure>\n<\/div>\n\n\n\n<p class=\"has-text-align-center has-vivid-cyan-blue-color has-text-color has-link-color wp-elements-4dce429c941be899df954aa219e554fc\" style=\"margin-top:var(--wp--preset--spacing--60);margin-bottom:var(--wp--preset--spacing--60);font-size:27px\"><strong>Geschicht vun engem Patriot a Member vun der l\u00ebtzebuergescher a belscher Resistenz<\/strong><\/p>\n\n\n\n<p>Am Joer 2025, w\u00e9i mir den 80. Joresdag vun der Befreiung vu L\u00ebtzebuerg gefeiert hunn, konnt ech online n\u00ebmme w\u00e9ineg Informatiounen iwwer d\u00e9i eenzel B\u00e4itr\u00e4g vun de courag\u00e9ierte Membere vun der Resistenz fannen. D\u2019Membere, d\u00e9i de Zweete Weltkrich iwwerlieft hunn, sinn net m\u00e9i \u00ebnnert eis, fir hir Geschichte pers\u00e9inlech z\u2019erzielen. Geschichten iwwer Courage, Ausdauer, a Liewe mat der st\u00e4nneger Gefor, erw\u00ebscht, gefoltert an higeriicht ze ginn. Geschichten, d\u00e9i einfach a breet zoug\u00e4nglech solle sinn \u2013 fir eis Generatioun an d\u00e9i n\u00e4chst \u2013, sou datt mir d\u2019Affer, d\u00e9i am Numm vun der Fr\u00e4iheet gemaach goufen, ni vergiessen.   <\/p>\n\n\n\n<p>E Besuch bei den nationalen Archiven zu L\u00ebtzebuerg an aner Alli\u00e9ierten-Archiven, souw\u00e9i R\u00e9ckmeldunge vu Famill a Fr\u00ebnn, hu mir w\u00e4ertvoll Informatioune geliwwert, fir d\u2019Geschicht vum bemierkensw\u00e4erte Liewenswee vu mengem Schwoer am vun Nazid\u00e4itschland besaten Europa zesummenzesetzen an ze deelen. <\/p>\n\n\n\n<p>De Pierre Schon huet iwwer 100 Leit verstoppt a gerett \u2013 Alli\u00e9ierte Piloten, d\u00e9i iwwer Europa ofgeschoss goufen, frans\u00e9isch Krichsgefaangen, Judden, l\u00ebtzebuergesch Deserteuren, d\u00e9i an d\u2019Wehrmacht gezwonge gi waren, an aner Resistenzler. Vill vun hinne wiere mat h\u00e9chster Warscheinlechkeet schw\u00e9iere Konsequenzen ausgesat gewiescht \u2013 souguer dem Doud \u2013, wann si vun de Besatzerkr\u00e4fte gefaasst gi wieren.<\/p>\n\n\n\n<p>W\u00e9i bei Millioune vun anere Leit gouf s\u00e4i Schicksal d\u00e9ifgr\u00e4ifend vum Verlaf vum Krich beaflosst. Am Abr\u00ebll 1943, fir enger Verhaftung duerch d\u2019Gestapo ze entgoen, war hie gezwongen ze fl\u00fcchten. Hien huet an den Ardennen an der Belsch Zuflucht fonnt a sech der Geheimer Arm\u00e9i ugeschloss, vun d\u00e4r aus hien aus de dicht bewuesse B\u00ebscher eraus eng Guerilla-Eenheet \u2013 e sougenannte <em>Maquis<\/em> \u2013 bei Lavacherie geleet huet. Am Kader vun der belscher Resistenz huet hie Sabotageaktioune g\u00e9int d\u2019Nazitruppen duerchgefouert \u2013 fir souwuel den Avancement vun den Alli\u00e9ierten no D-Day ze \u00ebnnerst\u00ebtzen, w\u00e9i och fir d\u2019Befreiung vun Europa ze f\u00ebrderen.   <\/p>\n\n\n\n<p>Den \u00cbmfang an den Impakt vu senge Resistenzaktiounen hunn sech an den h\u00e9ijen \u00c9ierungen er\u00ebmgespigelt, d\u00e9i hie souwuel a sengem Heemechtsland L\u00ebtzebuerg w\u00e9i och international vun enger R\u00ebtsch Alli\u00e9ierten-Natioune krut \u2013 dor\u00ebnner Frankr\u00e4ich, Belsch, de Brittesch Commonwealth, d\u2019Vereenegt Staaten a Polen.<\/p>\n\n\n\n<p>Hei ass seng Geschicht!<\/p>\n\n\n\n<p>D\u00ebse Site ass och am Gedenken un all d\u00e9i courag\u00e9iert M\u00e4nner a Fraen, d\u00e9i net dat Gl\u00e9ck haten, d\u2019Befreiung am Joer 1945 matzeerliewen, a d\u00e9i de h\u00e9chste Pr\u00e4is bezuelt hunn.<\/p>\n\n\n\n<p class=\"has-vivid-cyan-blue-color has-text-color has-link-color has-medium-font-size wp-elements-412723ceee895d80995768bd05b0758f\"><strong>D\u00e9i wichtegst Etappe vum Zweete Weltkrich a Westeuropa a wichteg Meilensteener aus der paralleller Rees vum Pierre<\/strong><\/p>\n\n\n\n<div data-wp-interactive=\"core\/file\" class=\"wp-block-file\"><object data-wp-bind--hidden=\"!state.hasPdfPreview\" hidden class=\"wp-block-file__embed\" data=\"https:\/\/www.pierre-schon.lu\/wp-content\/uploads\/2025\/11\/MilestonesLU.pdf\" type=\"application\/pdf\" style=\"width:100%;height:600px\" aria-label=\"Embed of MilestonesLU.\"><\/object><a id=\"wp-block-file--media-3dc9ecac-35af-437a-9364-4864821577b4\" href=\"https:\/\/www.pierre-schon.lu\/wp-content\/uploads\/2025\/11\/MilestonesLU.pdf\">MilestonesLU<\/a><a href=\"https:\/\/www.pierre-schon.lu\/wp-content\/uploads\/2025\/11\/MilestonesLU.pdf\" class=\"wp-block-file__button wp-element-button\" download aria-describedby=\"wp-block-file--media-3dc9ecac-35af-437a-9364-4864821577b4\">Eroplueden<\/a><\/div>\n\n\n\n<div class=\"wp-block-buttons is-content-justification-center is-layout-flex wp-container-core-buttons-is-layout-a89b3969 wp-block-buttons-is-layout-flex\">\n<div class=\"wp-block-button\"><a class=\"wp-block-button__link has-text-align-center wp-element-button\" href=\"https:\/\/www.pierre-schon.lu\/lu\/letzebuerg\/dei-daitsch-invasioun\/\">Weider<\/a><\/div>\n<\/div>\n\n\n\n<p><\/p>\n\n\n\n<p><\/p>\n","protected":false},"excerpt":{"rendered":"<p>Am l\u00e9iwe Gedenken un de Pierre Schon(1915 \u2013 1991) Geschicht vun engem Patriot a Member vun der l\u00ebtzebuergescher a belscher [&hellip;]<\/p>\n","protected":false},"author":1,"featured_media":0,"parent":0,"menu_order":0,"comment_status":"closed","ping_status":"closed","template":"","meta":{"site-sidebar-layout":"default","site-content-layout":"","ast-site-content-layout":"","site-content-style":"default","site-sidebar-style":"default","ast-global-header-display":"","ast-banner-title-visibility":"","ast-main-header-display":"","ast-hfb-above-header-display":"","ast-hfb-below-header-display":"","ast-hfb-mobile-header-display":"","site-post-title":"disabled","ast-breadcrumbs-content":"","ast-featured-img":"","footer-sml-layout":"","ast-disable-related-posts":"","theme-transparent-header-meta":"","adv-header-id-meta":"","stick-header-meta":"","header-above-stick-meta":"","header-main-stick-meta":"","header-below-stick-meta":"","astra-migrate-meta-layouts":"default","ast-page-background-enabled":"default","ast-page-background-meta":{"desktop":{"background-color":"var(--ast-global-color-5)","background-image":"","background-repeat":"repeat","background-position":"center center","background-size":"auto","background-attachment":"scroll","background-type":"","background-media":"","overlay-type":"","overlay-color":"","overlay-opacity":"","overlay-gradient":""},"tablet":{"background-color":"","background-image":"","background-repeat":"repeat","background-position":"center center","background-size":"auto","background-attachment":"scroll","background-type":"","background-media":"","overlay-type":"","overlay-color":"","overlay-opacity":"","overlay-gradient":""},"mobile":{"background-color":"","background-image":"","background-repeat":"repeat","background-position":"center center","background-size":"auto","background-attachment":"scroll","background-type":"","background-media":"","overlay-type":"","overlay-color":"","overlay-opacity":"","overlay-gradient":""}},"ast-content-background-meta":{"desktop":{"background-color":"var(--ast-global-color-4)","background-image":"","background-repeat":"repeat","background-position":"center center","background-size":"auto","background-attachment":"scroll","background-type":"","background-media":"","overlay-type":"","overlay-color":"","overlay-opacity":"","overlay-gradient":""},"tablet":{"background-color":"var(--ast-global-color-4)","background-image":"","background-repeat":"repeat","background-position":"center center","background-size":"auto","background-attachment":"scroll","background-type":"","background-media":"","overlay-type":"","overlay-color":"","overlay-opacity":"","overlay-gradient":""},"mobile":{"background-color":"var(--ast-global-color-4)","background-image":"","background-repeat":"repeat","background-position":"center center","background-size":"auto","background-attachment":"scroll","background-type":"","background-media":"","overlay-type":"","overlay-color":"","overlay-opacity":"","overlay-gradient":""}},"footnotes":""},"class_list":["post-2898","page","type-page","status-publish","hentry"],"_links":{"self":[{"href":"https:\/\/www.pierre-schon.lu\/lu\/wp-json\/wp\/v2\/pages\/2898","targetHints":{"allow":["GET"]}}],"collection":[{"href":"https:\/\/www.pierre-schon.lu\/lu\/wp-json\/wp\/v2\/pages"}],"about":[{"href":"https:\/\/www.pierre-schon.lu\/lu\/wp-json\/wp\/v2\/types\/page"}],"author":[{"embeddable":true,"href":"https:\/\/www.pierre-schon.lu\/lu\/wp-json\/wp\/v2\/users\/1"}],"replies":[{"embeddable":true,"href":"https:\/\/www.pierre-schon.lu\/lu\/wp-json\/wp\/v2\/comments?post=2898"}],"version-history":[{"count":41,"href":"https:\/\/www.pierre-schon.lu\/lu\/wp-json\/wp\/v2\/pages\/2898\/revisions"}],"predecessor-version":[{"id":4246,"href":"https:\/\/www.pierre-schon.lu\/lu\/wp-json\/wp\/v2\/pages\/2898\/revisions\/4246"}],"wp:attachment":[{"href":"https:\/\/www.pierre-schon.lu\/lu\/wp-json\/wp\/v2\/media?parent=2898"}],"curies":[{"name":"wp","href":"https:\/\/api.w.org\/{rel}","templated":true}]}}

Startsäit

<div class="wp-block-group page-hero has-background is-content-justification-center is-nowrap is-layout-flex wp-container-core-group-is-layout-23441af8 wp-block-group-is-layout-flex" style="background-color:#00a3e0">
<h2 class="wp-block-heading has-text-align-center hero-text has-ast-global-color-4-color has-text-color has-link-color wp-elements-9292a174ab7cfd6be657aac07fabc4ae" style="font-size:30px">Am léiwe Gedenken un de Pierre Schon<br>(1915 – 1991)</h2>



<div class="wp-block-group is-vertical is-layout-flex wp-container-core-group-is-layout-fe9cc265 wp-block-group-is-layout-flex">
<p class="has-ast-global-color-4-color has-text-color has-link-color wp-elements-b5be9b0022782dfb977bba45c8b0337e"></p>
</div>



<figure class="wp-block-image is-resized"><img decoding="async" src="https://www.pierre-schon.lu/wp-content/uploads/2025/06/PierreCoverPage-651x1024.jpg" alt="The current image has no alternative text. The file name is: PierreCoverPage-scaled.jpg " style="width:271px;height:auto"/></figure>
</div>



<p class="has-text-align-center has-vivid-cyan-blue-color has-text-color has-link-color wp-elements-4dce429c941be899df954aa219e554fc" style="margin-top:var(--wp--preset--spacing--60);margin-bottom:var(--wp--preset--spacing--60);font-size:27px"><strong>Geschicht vun engem Patriot a Member vun der lëtzebuergescher a belscher Resistenz</strong></p>



<p>Am Joer 2025, wéi mir den 80. Joresdag vun der Befreiung vu Lëtzebuerg gefeiert hunn, konnt ech online nëmme wéineg Informatiounen iwwer déi eenzel Bäiträg vun de couragéierte Membere vun der Resistenz fannen. D’Membere, déi de Zweete Weltkrich iwwerlieft hunn, sinn net méi ënnert eis, fir hir Geschichte perséinlech z’erzielen. Geschichten iwwer Courage, Ausdauer, a Liewe mat der stänneger Gefor, erwëscht, gefoltert an higeriicht ze ginn. Geschichten, déi einfach a breet zougänglech solle sinn – fir eis Generatioun an déi nächst –, sou datt mir d’Affer, déi am Numm vun der Fräiheet gemaach goufen, ni vergiessen.   </p>



<p>E Besuch bei den nationalen Archiven zu Lëtzebuerg an aner Alliéierten-Archiven, souwéi Réckmeldunge vu Famill a Frënn, hu mir wäertvoll Informatioune geliwwert, fir d’Geschicht vum bemierkenswäerte Liewenswee vu mengem Schwoer am vun Nazidäitschland besaten Europa zesummenzesetzen an ze deelen. </p>



<p>De Pierre Schon huet iwwer 100 Leit verstoppt a gerett – Alliéierte Piloten, déi iwwer Europa ofgeschoss goufen, franséisch Krichsgefaangen, Judden, lëtzebuergesch Deserteuren, déi an d’Wehrmacht gezwonge gi waren, an aner Resistenzler. Vill vun hinne wiere mat héchster Warscheinlechkeet schwéiere Konsequenzen ausgesat gewiescht – souguer dem Doud –, wann si vun de Besatzerkräfte gefaasst gi wieren.</p>



<p>Wéi bei Millioune vun anere Leit gouf säi Schicksal déifgräifend vum Verlaf vum Krich beaflosst. Am Abrëll 1943, fir enger Verhaftung duerch d’Gestapo ze entgoen, war hie gezwongen ze flüchten. Hien huet an den Ardennen an der Belsch Zuflucht fonnt a sech der Geheimer Arméi ugeschloss, vun där aus hien aus de dicht bewuesse Bëscher eraus eng Guerilla-Eenheet – e sougenannte <em>Maquis</em> – bei Lavacherie geleet huet. Am Kader vun der belscher Resistenz huet hie Sabotageaktioune géint d’Nazitruppen duerchgefouert – fir souwuel den Avancement vun den Alliéierten no D-Day ze ënnerstëtzen, wéi och fir d’Befreiung vun Europa ze fërderen.   </p>



<p>Den Ëmfang an den Impakt vu senge Resistenzaktiounen hunn sech an den héijen Éierungen erëmgespigelt, déi hie souwuel a sengem Heemechtsland Lëtzebuerg wéi och international vun enger Rëtsch Alliéierten-Natioune krut – dorënner Frankräich, Belsch, de Brittesch Commonwealth, d’Vereenegt Staaten a Polen.</p>



<p>Hei ass seng Geschicht!</p>



<p>Dëse Site ass och am Gedenken un all déi couragéiert Männer a Fraen, déi net dat Gléck haten, d’Befreiung am Joer 1945 matzeerliewen, a déi de héchste Präis bezuelt hunn.</p>



<p class="has-vivid-cyan-blue-color has-text-color has-link-color has-medium-font-size wp-elements-412723ceee895d80995768bd05b0758f"><strong>Déi wichtegst Etappe vum Zweete Weltkrich a Westeuropa a wichteg Meilensteener aus der paralleller Rees vum Pierre</strong></p>



<div data-wp-interactive="core/file" class="wp-block-file"><object data-wp-bind--hidden="!state.hasPdfPreview" hidden class="wp-block-file__embed" data="https://www.pierre-schon.lu/wp-content/uploads/2025/11/MilestonesLU.pdf" type="application/pdf" style="width:100%;height:600px" aria-label="Embed of MilestonesLU."></object><a id="wp-block-file--media-3dc9ecac-35af-437a-9364-4864821577b4" href="https://www.pierre-schon.lu/wp-content/uploads/2025/11/MilestonesLU.pdf">MilestonesLU</a><a href="https://www.pierre-schon.lu/wp-content/uploads/2025/11/MilestonesLU.pdf" class="wp-block-file__button wp-element-button" download aria-describedby="wp-block-file--media-3dc9ecac-35af-437a-9364-4864821577b4">Eroplueden</a></div>



<div class="wp-block-buttons is-content-justification-center is-layout-flex wp-container-core-buttons-is-layout-a89b3969 wp-block-buttons-is-layout-flex">
<div class="wp-block-button"><a class="wp-block-button__link has-text-align-center wp-element-button" href="https://www.pierre-schon.lu/lu/letzebuerg/dei-daitsch-invasioun/">Weider</a></div>
</div>



<p></p>



<p></p>

<p>Am léiwe Gedenken un de Pierre Schon(1915 – 1991) Geschicht vun engem Patriot a Member vun der lëtzebuergescher a belscher [&hellip;]</p>
