{"id":2867,"date":"2025-04-30T17:01:09","date_gmt":"2025-04-30T15:01:09","guid":{"rendered":"https:\/\/www.pierre-schon.lu\/liens-utiles\/"},"modified":"2025-11-02T10:52:56","modified_gmt":"2025-11-02T09:52:56","slug":"liens-utiles","status":"publish","type":"page","link":"https:\/\/www.pierre-schon.lu\/fr\/liens-utiles\/","title":{"rendered":"Liens Utiles"},"content":{"rendered":"\n<p><a href=\"https:\/\/anlux.public.lu\/fr.html\">Archives Nationales du Luxembourg &#8211; ANLux<\/a><br\/><a href=\"http:\/\/www.ons-jongen-a-meedercher.lu\/\">F\u00e9deration des enr\u00f4l\u00e9s de force<\/a> <br\/><a href=\"https:\/\/mnr.lu\/\">Mus\u00e9e national de la R\u00e9sistance et des Droits Humains, Luxembourg<\/a><br\/><a href=\"https:\/\/www.uni.lu\/c2dh-fr\/\">Luxembourg Centre for Contemporary and Digital History (C2DH), Universit\u00e9 du Luxembourg<\/a><br\/><a href=\"https:\/\/www.memorialmuseums.org\/memorialmuseum\/deportationsdenkmal-und-museum-bahnhof-hollerich\">Museum-Memorial of Deportation. Hollerich, Luxembourg City\u200b\u200b  <\/a><br\/><a href=\"https:\/\/www.facebook.com\/LetzebuergerPatrioteLiga\/?locale=de_DE\">Amicale LPL<\/a><br\/><a href=\"https:\/\/www.vdl.lu\/fr\/visiter\/art-et-culture\/lieux-culturels\/photo\/phototheque\">Photot\u00e9que de la ville de Luxembourg<\/a><br\/><a href=\"https:\/\/www.visit-eislek.lu\/fr\/\" data-type=\"link\" data-id=\"ttps:\/\/www.visit-eislek.lu\/\">Visit Eislek<\/a> <br\/><a href=\"https:\/\/dp.la\/item\/1ce079d27187c13c3f9d811cbcc0ac3b\">Digital Public Library of America<\/a><br\/><a href=\"https:\/\/francearchives.gouv.fr\/service\/34567\">Archives fran\u00e7aises (Minist\u00e8re de l\u2019Europe et des Affaires \u00e9trang\u00e8res)<\/a><br\/><a href=\"https:\/\/museedelaresistancedebondues.fr\/le-musee\">Mus\u00e9e de la R\u00e9sistance, Bondues, France<\/a><br\/><a href=\"https:\/\/www.arch.be\/index.php?l=en&amp;m=practical-information&amp;r=our-reading-rooms&amp;d=nab\">Archives de l\u2019\u00c9tat en Belgique<\/a><br\/><a href=\"https:\/\/www.nationalarchives.gov.uk\/\">The National Archives, Royaume-Uni<\/a><br\/><a href=\"https:\/\/www.linkedin.com\/in\/dr-hywel-maslen-83248521\/?originalSubdomain=uk\">Dr Hywel Maslen<\/a>, chercheur ind\u00e9pendant exp\u00e9riment\u00e9 au Royaume-Uni, sp\u00e9cialis\u00e9 en histoire, m\u00e9dias et \u00e9dition<\/p>\n\n<p>D\u00e9veloppeur du site web : <a href=\"https:\/\/www.manes.lu\/\">Laurent Manes, Infotech Solutions<\/a> <br\/><a href=\"https:\/\/www.linkedin.com\/in\/monica-ortega-29999a1\/?originalSubdomain=lu\" data-type=\"link\" data-id=\"https:\/\/www.linkedin.com\/in\/monica-ortega-29999a1\/?originalSubdomain=lu\">Monica Ortega<\/a>, marketeuse num\u00e9rique ind\u00e9pendante exp\u00e9riment\u00e9e <\/p>\n\n<p><\/p>\n\n<p><\/p>\n","protected":false},"excerpt":{"rendered":"<p>Archives Nationales du Luxembourg &#8211; ANLuxF\u00e9deration des enr\u00f4l\u00e9s de force Mus\u00e9e national de la R\u00e9sistance et des Droits Humains, LuxembourgLuxembourg [&hellip;]<\/p>\n","protected":false},"author":1,"featured_media":0,"parent":0,"menu_order":0,"comment_status":"closed","ping_status":"closed","template":"","meta":{"site-sidebar-layout":"default","site-content-layout":"","ast-site-content-layout":"default","site-content-style":"default","site-sidebar-style":"default","ast-global-header-display":"","ast-banner-title-visibility":"","ast-main-header-display":"","ast-hfb-above-header-display":"","ast-hfb-below-header-display":"","ast-hfb-mobile-header-display":"","site-post-title":"","ast-breadcrumbs-content":"","ast-featured-img":"","footer-sml-layout":"","ast-disable-related-posts":"","theme-transparent-header-meta":"","adv-header-id-meta":"","stick-header-meta":"","header-above-stick-meta":"","header-main-stick-meta":"","header-below-stick-meta":"","astra-migrate-meta-layouts":"default","ast-page-background-enabled":"default","ast-page-background-meta":{"desktop":{"background-color":"var(--ast-global-color-5)","background-image":"","background-repeat":"repeat","background-position":"center center","background-size":"auto","background-attachment":"scroll","background-type":"","background-media":"","overlay-type":"","overlay-color":"","overlay-opacity":"","overlay-gradient":""},"tablet":{"background-color":"","background-image":"","background-repeat":"repeat","background-position":"center center","background-size":"auto","background-attachment":"scroll","background-type":"","background-media":"","overlay-type":"","overlay-color":"","overlay-opacity":"","overlay-gradient":""},"mobile":{"background-color":"","background-image":"","background-repeat":"repeat","background-position":"center center","background-size":"auto","background-attachment":"scroll","background-type":"","background-media":"","overlay-type":"","overlay-color":"","overlay-opacity":"","overlay-gradient":""}},"ast-content-background-meta":{"desktop":{"background-color":"var(--ast-global-color-4)","background-image":"","background-repeat":"repeat","background-position":"center center","background-size":"auto","background-attachment":"scroll","background-type":"","background-media":"","overlay-type":"","overlay-color":"","overlay-opacity":"","overlay-gradient":""},"tablet":{"background-color":"var(--ast-global-color-4)","background-image":"","background-repeat":"repeat","background-position":"center center","background-size":"auto","background-attachment":"scroll","background-type":"","background-media":"","overlay-type":"","overlay-color":"","overlay-opacity":"","overlay-gradient":""},"mobile":{"background-color":"var(--ast-global-color-4)","background-image":"","background-repeat":"repeat","background-position":"center center","background-size":"auto","background-attachment":"scroll","background-type":"","background-media":"","overlay-type":"","overlay-color":"","overlay-opacity":"","overlay-gradient":""}},"footnotes":""},"class_list":["post-2867","page","type-page","status-publish","hentry"],"_links":{"self":[{"href":"https:\/\/www.pierre-schon.lu\/fr\/wp-json\/wp\/v2\/pages\/2867","targetHints":{"allow":["GET"]}}],"collection":[{"href":"https:\/\/www.pierre-schon.lu\/fr\/wp-json\/wp\/v2\/pages"}],"about":[{"href":"https:\/\/www.pierre-schon.lu\/fr\/wp-json\/wp\/v2\/types\/page"}],"author":[{"embeddable":true,"href":"https:\/\/www.pierre-schon.lu\/fr\/wp-json\/wp\/v2\/users\/1"}],"replies":[{"embeddable":true,"href":"https:\/\/www.pierre-schon.lu\/fr\/wp-json\/wp\/v2\/comments?post=2867"}],"version-history":[{"count":7,"href":"https:\/\/www.pierre-schon.lu\/fr\/wp-json\/wp\/v2\/pages\/2867\/revisions"}],"predecessor-version":[{"id":4037,"href":"https:\/\/www.pierre-schon.lu\/fr\/wp-json\/wp\/v2\/pages\/2867\/revisions\/4037"}],"wp:attachment":[{"href":"https:\/\/www.pierre-schon.lu\/fr\/wp-json\/wp\/v2\/media?parent=2867"}],"curies":[{"name":"wp","href":"https:\/\/api.w.org\/{rel}","templated":true}]}}

<p><a href="https://anlux.public.lu/fr.html">Archives Nationales du Luxembourg &#8211; ANLux</a><br/><a href="http://www.ons-jongen-a-meedercher.lu/">Féderation des enrôlés de force</a> <br/><a href="https://mnr.lu/">Musée national de la Résistance et des Droits Humains, Luxembourg</a><br/><a href="https://www.uni.lu/c2dh-fr/">Luxembourg Centre for Contemporary and Digital History (C2DH), Université du Luxembourg</a><br/><a href="https://www.memorialmuseums.org/memorialmuseum/deportationsdenkmal-und-museum-bahnhof-hollerich">Museum-Memorial of Deportation. Hollerich, Luxembourg City​​  </a><br/><a href="https://www.facebook.com/LetzebuergerPatrioteLiga/?locale=de_DE">Amicale LPL</a><br/><a href="https://www.vdl.lu/fr/visiter/art-et-culture/lieux-culturels/photo/phototheque">Phototéque de la ville de Luxembourg</a><br/><a href="https://www.visit-eislek.lu/fr/" data-type="link" data-id="ttps://www.visit-eislek.lu/">Visit Eislek</a> <br/><a href="https://dp.la/item/1ce079d27187c13c3f9d811cbcc0ac3b">Digital Public Library of America</a><br/><a href="https://francearchives.gouv.fr/service/34567">Archives françaises (Ministère de l’Europe et des Affaires étrangères)</a><br/><a href="https://museedelaresistancedebondues.fr/le-musee">Musée de la Résistance, Bondues, France</a><br/><a href="https://www.arch.be/index.php?l=en&amp;m=practical-information&amp;r=our-reading-rooms&amp;d=nab">Archives de l’État en Belgique</a><br/><a href="https://www.nationalarchives.gov.uk/">The National Archives, Royaume-Uni</a><br/><a href="https://www.linkedin.com/in/dr-hywel-maslen-83248521/?originalSubdomain=uk">Dr Hywel Maslen</a>, chercheur indépendant expérimenté au Royaume-Uni, spécialisé en histoire, médias et édition</p>

<p>Développeur du site web : <a href="https://www.manes.lu/">Laurent Manes, Infotech Solutions</a> <br/><a href="https://www.linkedin.com/in/monica-ortega-29999a1/?originalSubdomain=lu" data-type="link" data-id="https://www.linkedin.com/in/monica-ortega-29999a1/?originalSubdomain=lu">Monica Ortega</a>, marketeuse numérique indépendante expérimentée </p>

<p></p>

<p></p>

<p>Archives Nationales du Luxembourg &#8211; ANLuxFéderation des enrôlés de force Musée national de la Résistance et des Droits Humains, LuxembourgLuxembourg [&hellip;]</p>
