{"id":2761,"date":"2025-04-01T19:30:38","date_gmt":"2025-04-01T17:30:38","guid":{"rendered":"https:\/\/www.pierre-schon.lu\/accueil\/"},"modified":"2025-09-21T16:40:55","modified_gmt":"2025-09-21T14:40:55","slug":"accueil","status":"publish","type":"page","link":"https:\/\/www.pierre-schon.lu\/fr\/","title":{"rendered":"Accueil"},"content":{"rendered":"\n<div class=\"wp-block-group page-hero has-background is-content-justification-center is-nowrap is-layout-flex wp-container-core-group-is-layout-23441af8 wp-block-group-is-layout-flex\" style=\"background-color:#00a3e0\">\n<h2 class=\"wp-block-heading has-text-align-center hero-text has-ast-global-color-4-color has-text-color has-link-color wp-elements-d3b8139b093023eac1c8a5dc96d9955d\" style=\"font-size:30px\">\u00c0 la m\u00e9moire de Pierre Schon (1915 &#8211; 1991)<\/h2>\n\n\n\n<div class=\"wp-block-group is-vertical is-layout-flex wp-container-core-group-is-layout-fe9cc265 wp-block-group-is-layout-flex\">\n<p class=\"has-ast-global-color-4-color has-text-color has-link-color wp-elements-b5be9b0022782dfb977bba45c8b0337e\"><\/p>\n<\/div>\n\n\n\n<figure class=\"wp-block-image is-resized\"><img decoding=\"async\" src=\"https:\/\/www.pierre-schon.lu\/wp-content\/uploads\/2025\/06\/PierreCoverPage-651x1024.jpg\" alt=\"L'image actuelle n'a pas de texte alternatif. Le nom du fichier est : PierreCoverPage-scaled.jpg \" style=\"width:271px;height:auto\"\/><\/figure>\n<\/div>\n\n\n\n<p class=\"has-text-align-center has-vivid-cyan-blue-color has-text-color has-link-color wp-elements-6bf2afe120baf3d392a86c6e0e5447f3\" style=\"margin-top:var(--wp--preset--spacing--60);margin-bottom:var(--wp--preset--spacing--60);font-size:27px\"><strong>Histoire d&rsquo;un patriote et membre <br>de la r\u00e9sistance luxembourgeoise et belge<\/strong><\/p>\n\n\n\n<p>En 2025, alors que nous comm\u00e9morions le 80e anniversaire de la lib\u00e9ration du Luxembourg, j\u2019ai constat\u00e9 qu\u2019il existait tr\u00e8s peu d\u2019informations en ligne sur les contributions individuelles des courageux membres de la r\u00e9sistance. Les survivants de la Seconde Guerre mondiale ne sont plus l\u00e0 pour partager personnellement leurs histoires. Des r\u00e9cits de courage, de t\u00e9nacit\u00e9, de vie sous la menace constante d\u2019\u00eatre captur\u00e9, tortur\u00e9 voire ex\u00e9cut\u00e9. Des histoires qui devraient \u00eatre accessibles facilement et librement aux g\u00e9n\u00e9rations actuelles et futures afin que nous n\u2019oublions jamais les sacrifices consentis au nom de la libert\u00e9.   <\/p>\n\n\n\n<p>Un voyage aux archives nationales du Luxembourg ainsi que dans d&rsquo;autres archives alli\u00e9es, compl\u00e9t\u00e9 par les t\u00e9moignages de la famille et des amis, a fourni des informations pr\u00e9cieuses qui ont permis de reconstituer et de partager le parcours remarquable de mon beau-p\u00e8re dans l\u2019Europe occup\u00e9e par les nazis. <\/p>\n\n\n\n<p>Pierre Schon a cach\u00e9 et mis en s\u00e9curit\u00e9 plus de 100 personnes, des aviateurs alli\u00e9s abattus au-dessus de l&rsquo;Europe, des prisonniers de guerre fran\u00e7ais, des Juifs, des d\u00e9serteurs luxembourgeois enr\u00f4l\u00e9s dans l&rsquo;arm\u00e9e allemande et des compagnons de r\u00e9sistance, dont beaucoup auraient probablement encouru de graves cons\u00e9quences, voire la mort, s&rsquo;ils avaient \u00e9t\u00e9 captur\u00e9s par les forces d&rsquo;occupation.<\/p>\n\n\n\n<p>Comme des millions d&rsquo;autres, son destin a \u00e9t\u00e9 profond\u00e9ment marqu\u00e9 par le cours de la guerre. En avril 1943, pour \u00e9chapper \u00e0 une arrestation par la Gestapo, il fut contraint de fuir. R\u00e9fugi\u00e9 dans les Ardennes belges, il rejoignit l\u2019Arm\u00e9e Secr\u00e8te, op\u00e9rant depuis les for\u00eats denses et dirigeant une unit\u00e9 de gu\u00e9rilla, ou <em>maquis<\/em>, pr\u00e8s de Lavacherie. Sous l\u2019\u00e9gide de la r\u00e9sistance belge, il mena des actes de sabotage contre les forces nazies, afin de pr\u00e9parer l\u2019avanc\u00e9e alli\u00e9e apr\u00e8s le D\u00e9barquement et de soutenir la lib\u00e9ration de l\u2019Europe.   <\/p>\n\n\n\n<p>L\u2019ampleur et l\u2019impact de ses actions dans la r\u00e9sistance se refl\u00e8tent dans les hautes distinctions qu\u2019il re\u00e7ut, tant dans sa patrie, le Luxembourg, qu\u2019au niveau international, de la part de nombreuses nations alli\u00e9es, dont la France, la Belgique, le Commonwealth britannique, les \u00c9tats-Unis et la Pologne.<\/p>\n\n\n\n<p>Voici son histoire !<\/p>\n\n\n\n<p>Ce site est \u00e9galement un hommage \u00e0 tous les hommes et femmes courageux qui n\u2019ont pas eu la chance d\u2019assister \u00e0 la lib\u00e9ration en 1945 et qui ont pay\u00e9 de leur vie.<\/p>\n\n\n\n<p class=\"has-vivid-cyan-blue-color has-text-color has-link-color has-medium-font-size wp-elements-66b3fa78a832a7c6fae72c1c6d766f7c\"><strong>Principales \u00e9tapes de la Seconde Guerre mondiale en Europe de l\u2019Ouest et moments forts du parcours parall\u00e8le de Pierre<\/strong><\/p>\n\n\n\n<p class=\"has-vivid-cyan-blue-color has-text-color has-link-color has-medium-font-size wp-elements-1313566407a8b41e64ac2a2add2b23b6\"><\/p>\n\n\n\n<div data-wp-interactive=\"core\/file\" class=\"wp-block-file\"><object data-wp-bind--hidden=\"!state.hasPdfPreview\" hidden class=\"wp-block-file__embed\" data=\"https:\/\/www.pierre-schon.lu\/wp-content\/uploads\/2025\/08\/EtapesFR.pdf\" type=\"application\/pdf\" style=\"width:100%;height:600px\" aria-label=\"Contenu embarqu\u00e9 EtapesFR.\"><\/object><a id=\"wp-block-file--media-88796274-356e-41b3-9c88-b63843df69e5\" href=\"https:\/\/www.pierre-schon.lu\/wp-content\/uploads\/2025\/08\/EtapesFR.pdf\">EtapesFR<\/a><a href=\"https:\/\/www.pierre-schon.lu\/wp-content\/uploads\/2025\/08\/EtapesFR.pdf\" class=\"wp-block-file__button wp-element-button\" download aria-describedby=\"wp-block-file--media-88796274-356e-41b3-9c88-b63843df69e5\">T\u00e9l\u00e9charger<\/a><\/div>\n\n\n\n<div class=\"wp-block-buttons is-content-justification-center is-layout-flex wp-container-core-buttons-is-layout-a89b3969 wp-block-buttons-is-layout-flex\">\n<div class=\"wp-block-button\"><a class=\"wp-block-button__link has-text-align-center wp-element-button\" href=\"https:\/\/www.pierre-schon.lu\/fr\/linvasion-allemande\/\">Suivant<\/a><\/div>\n<\/div>\n\n\n\n<p><\/p>\n","protected":false},"excerpt":{"rendered":"<p>\u00c0 la m\u00e9moire de Pierre Schon (1915 &#8211; 1991) Histoire d&rsquo;un patriote et membre de la r\u00e9sistance luxembourgeoise et belge [&hellip;]<\/p>\n","protected":false},"author":1,"featured_media":0,"parent":0,"menu_order":0,"comment_status":"closed","ping_status":"closed","template":"","meta":{"site-sidebar-layout":"default","site-content-layout":"","ast-site-content-layout":"","site-content-style":"default","site-sidebar-style":"default","ast-global-header-display":"","ast-banner-title-visibility":"","ast-main-header-display":"","ast-hfb-above-header-display":"","ast-hfb-below-header-display":"","ast-hfb-mobile-header-display":"","site-post-title":"disabled","ast-breadcrumbs-content":"","ast-featured-img":"","footer-sml-layout":"","ast-disable-related-posts":"","theme-transparent-header-meta":"","adv-header-id-meta":"","stick-header-meta":"","header-above-stick-meta":"","header-main-stick-meta":"","header-below-stick-meta":"","astra-migrate-meta-layouts":"default","ast-page-background-enabled":"default","ast-page-background-meta":{"desktop":{"background-color":"var(--ast-global-color-5)","background-image":"","background-repeat":"repeat","background-position":"center center","background-size":"auto","background-attachment":"scroll","background-type":"","background-media":"","overlay-type":"","overlay-color":"","overlay-opacity":"","overlay-gradient":""},"tablet":{"background-color":"","background-image":"","background-repeat":"repeat","background-position":"center center","background-size":"auto","background-attachment":"scroll","background-type":"","background-media":"","overlay-type":"","overlay-color":"","overlay-opacity":"","overlay-gradient":""},"mobile":{"background-color":"","background-image":"","background-repeat":"repeat","background-position":"center center","background-size":"auto","background-attachment":"scroll","background-type":"","background-media":"","overlay-type":"","overlay-color":"","overlay-opacity":"","overlay-gradient":""}},"ast-content-background-meta":{"desktop":{"background-color":"var(--ast-global-color-4)","background-image":"","background-repeat":"repeat","background-position":"center center","background-size":"auto","background-attachment":"scroll","background-type":"","background-media":"","overlay-type":"","overlay-color":"","overlay-opacity":"","overlay-gradient":""},"tablet":{"background-color":"var(--ast-global-color-4)","background-image":"","background-repeat":"repeat","background-position":"center center","background-size":"auto","background-attachment":"scroll","background-type":"","background-media":"","overlay-type":"","overlay-color":"","overlay-opacity":"","overlay-gradient":""},"mobile":{"background-color":"var(--ast-global-color-4)","background-image":"","background-repeat":"repeat","background-position":"center center","background-size":"auto","background-attachment":"scroll","background-type":"","background-media":"","overlay-type":"","overlay-color":"","overlay-opacity":"","overlay-gradient":""}},"footnotes":""},"class_list":["post-2761","page","type-page","status-publish","hentry"],"_links":{"self":[{"href":"https:\/\/www.pierre-schon.lu\/fr\/wp-json\/wp\/v2\/pages\/2761","targetHints":{"allow":["GET"]}}],"collection":[{"href":"https:\/\/www.pierre-schon.lu\/fr\/wp-json\/wp\/v2\/pages"}],"about":[{"href":"https:\/\/www.pierre-schon.lu\/fr\/wp-json\/wp\/v2\/types\/page"}],"author":[{"embeddable":true,"href":"https:\/\/www.pierre-schon.lu\/fr\/wp-json\/wp\/v2\/users\/1"}],"replies":[{"embeddable":true,"href":"https:\/\/www.pierre-schon.lu\/fr\/wp-json\/wp\/v2\/comments?post=2761"}],"version-history":[{"count":18,"href":"https:\/\/www.pierre-schon.lu\/fr\/wp-json\/wp\/v2\/pages\/2761\/revisions"}],"predecessor-version":[{"id":3799,"href":"https:\/\/www.pierre-schon.lu\/fr\/wp-json\/wp\/v2\/pages\/2761\/revisions\/3799"}],"wp:attachment":[{"href":"https:\/\/www.pierre-schon.lu\/fr\/wp-json\/wp\/v2\/media?parent=2761"}],"curies":[{"name":"wp","href":"https:\/\/api.w.org\/{rel}","templated":true}]}}

<div class="wp-block-group page-hero has-background is-content-justification-center is-nowrap is-layout-flex wp-container-core-group-is-layout-23441af8 wp-block-group-is-layout-flex" style="background-color:#00a3e0">
<h2 class="wp-block-heading has-text-align-center hero-text has-ast-global-color-4-color has-text-color has-link-color wp-elements-d3b8139b093023eac1c8a5dc96d9955d" style="font-size:30px">À la mémoire de Pierre Schon (1915 &#8211; 1991)</h2>



<div class="wp-block-group is-vertical is-layout-flex wp-container-core-group-is-layout-fe9cc265 wp-block-group-is-layout-flex">
<p class="has-ast-global-color-4-color has-text-color has-link-color wp-elements-b5be9b0022782dfb977bba45c8b0337e"></p>
</div>



<figure class="wp-block-image is-resized"><img decoding="async" src="https://www.pierre-schon.lu/wp-content/uploads/2025/06/PierreCoverPage-651x1024.jpg" alt="L'image actuelle n'a pas de texte alternatif. Le nom du fichier est : PierreCoverPage-scaled.jpg " style="width:271px;height:auto"/></figure>
</div>



<p class="has-text-align-center has-vivid-cyan-blue-color has-text-color has-link-color wp-elements-6bf2afe120baf3d392a86c6e0e5447f3" style="margin-top:var(--wp--preset--spacing--60);margin-bottom:var(--wp--preset--spacing--60);font-size:27px"><strong>Histoire d&rsquo;un patriote et membre <br>de la résistance luxembourgeoise et belge</strong></p>



<p>En 2025, alors que nous commémorions le 80e anniversaire de la libération du Luxembourg, j’ai constaté qu’il existait très peu d’informations en ligne sur les contributions individuelles des courageux membres de la résistance. Les survivants de la Seconde Guerre mondiale ne sont plus là pour partager personnellement leurs histoires. Des récits de courage, de ténacité, de vie sous la menace constante d’être capturé, torturé voire exécuté. Des histoires qui devraient être accessibles facilement et librement aux générations actuelles et futures afin que nous n’oublions jamais les sacrifices consentis au nom de la liberté.   </p>



<p>Un voyage aux archives nationales du Luxembourg ainsi que dans d&rsquo;autres archives alliées, complété par les témoignages de la famille et des amis, a fourni des informations précieuses qui ont permis de reconstituer et de partager le parcours remarquable de mon beau-père dans l’Europe occupée par les nazis. </p>



<p>Pierre Schon a caché et mis en sécurité plus de 100 personnes, des aviateurs alliés abattus au-dessus de l&rsquo;Europe, des prisonniers de guerre français, des Juifs, des déserteurs luxembourgeois enrôlés dans l&rsquo;armée allemande et des compagnons de résistance, dont beaucoup auraient probablement encouru de graves conséquences, voire la mort, s&rsquo;ils avaient été capturés par les forces d&rsquo;occupation.</p>



<p>Comme des millions d&rsquo;autres, son destin a été profondément marqué par le cours de la guerre. En avril 1943, pour échapper à une arrestation par la Gestapo, il fut contraint de fuir. Réfugié dans les Ardennes belges, il rejoignit l’Armée Secrète, opérant depuis les forêts denses et dirigeant une unité de guérilla, ou <em>maquis</em>, près de Lavacherie. Sous l’égide de la résistance belge, il mena des actes de sabotage contre les forces nazies, afin de préparer l’avancée alliée après le Débarquement et de soutenir la libération de l’Europe.   </p>



<p>L’ampleur et l’impact de ses actions dans la résistance se reflètent dans les hautes distinctions qu’il reçut, tant dans sa patrie, le Luxembourg, qu’au niveau international, de la part de nombreuses nations alliées, dont la France, la Belgique, le Commonwealth britannique, les États-Unis et la Pologne.</p>



<p>Voici son histoire !</p>



<p>Ce site est également un hommage à tous les hommes et femmes courageux qui n’ont pas eu la chance d’assister à la libération en 1945 et qui ont payé de leur vie.</p>



<p class="has-vivid-cyan-blue-color has-text-color has-link-color has-medium-font-size wp-elements-66b3fa78a832a7c6fae72c1c6d766f7c"><strong>Principales étapes de la Seconde Guerre mondiale en Europe de l’Ouest et moments forts du parcours parallèle de Pierre</strong></p>



<p class="has-vivid-cyan-blue-color has-text-color has-link-color has-medium-font-size wp-elements-1313566407a8b41e64ac2a2add2b23b6"></p>



<div data-wp-interactive="core/file" class="wp-block-file"><object data-wp-bind--hidden="!state.hasPdfPreview" hidden class="wp-block-file__embed" data="https://www.pierre-schon.lu/wp-content/uploads/2025/08/EtapesFR.pdf" type="application/pdf" style="width:100%;height:600px" aria-label="Contenu embarqué EtapesFR."></object><a id="wp-block-file--media-88796274-356e-41b3-9c88-b63843df69e5" href="https://www.pierre-schon.lu/wp-content/uploads/2025/08/EtapesFR.pdf">EtapesFR</a><a href="https://www.pierre-schon.lu/wp-content/uploads/2025/08/EtapesFR.pdf" class="wp-block-file__button wp-element-button" download aria-describedby="wp-block-file--media-88796274-356e-41b3-9c88-b63843df69e5">Télécharger</a></div>



<div class="wp-block-buttons is-content-justification-center is-layout-flex wp-container-core-buttons-is-layout-a89b3969 wp-block-buttons-is-layout-flex">
<div class="wp-block-button"><a class="wp-block-button__link has-text-align-center wp-element-button" href="https://www.pierre-schon.lu/fr/linvasion-allemande/">Suivant</a></div>
</div>



<p></p>

<p>À la mémoire de Pierre Schon (1915 &#8211; 1991) Histoire d&rsquo;un patriote et membre de la résistance luxembourgeoise et belge [&hellip;]</p>
