{"id":4422,"date":"2025-04-30T17:01:09","date_gmt":"2025-04-30T15:01:09","guid":{"rendered":"https:\/\/www.pierre-schon.lu\/nuetzliche-links\/"},"modified":"2025-11-24T15:23:16","modified_gmt":"2025-11-24T14:23:16","slug":"nuetzliche-links","status":"publish","type":"page","link":"https:\/\/www.pierre-schon.lu\/de\/nuetzliche-links\/","title":{"rendered":"N\u00fctzliche Links<br data-mce-bogus=\"1\">"},"content":{"rendered":"\n<p><a href=\"https:\/\/anlux.public.lu\/fr.html\">Nationalarchiv Luxemburg <\/a><br\/><a href=\"http:\/\/www.ons-jongen-a-meedercher.lu\/\">F\u00e9deration des enr\u00f4l\u00e9s de force<\/a> <br\/><a href=\"https:\/\/mnr.lu\/\">Nationalmuseum des Widerstands und der Menschenrechte, Luxemburg <\/a><br\/><a href=\"https:\/\/www.uni.lu\/c2dh-en\/\">Luxembourg Centre For Contemporary and Digital History,&amp;nbsp;Universit\u00e4t Luxemburg<\/a><br\/><a href=\"https:\/\/www.memorialmuseums.org\/memorialmuseum\/deportationsdenkmal-und-museum-bahnhof-hollerich\">Museum-Memorial of Deportation. Hollerich, Luxemburg Stadt\u200b\u200b   <\/a><br\/><a href=\"https:\/\/www.facebook.com\/LetzebuergerPatrioteLiga\/?locale=de_DE\">Amicale LPL<\/a><br\/><a href=\"https:\/\/www.vdl.lu\/en\/visiting\/art-and-culture\/cultural-institutions\/photography\/phototheque\">Fotothek der Stadt Luxemburg<\/a><br\/><a href=\"ttps:\/\/www.visit-eislek.lu\/\" data-type=\"link\" data-id=\"ttps:\/\/www.visit-eislek.lu\/\">Visit Eislek<\/a> <br\/><a href=\"https:\/\/dp.la\/item\/1ce079d27187c13c3f9d811cbcc0ac3b\">Digital Public Library of America<\/a><br\/><a href=\"https:\/\/francearchives.gouv.fr\/service\/34567\">Franz\u00f6sische Archive (Minist\u00e8re de l\u2019Europe et des Affaires \u00c9trang\u00e8res) <\/a><br\/><a href=\"https:\/\/museedelaresistancedebondues.fr\/le-musee\">Widerstandsmuseum, Bondues, Frankreich<\/a><br\/><a href=\"https:\/\/www.arch.be\/index.php?l=en&amp;m=practical-information&amp;r=our-reading-rooms&amp;d=nab\">Staatsarchiv Belgien<\/a><br\/><a href=\"https:\/\/www.nationalarchives.gov.uk\/\">The National Archives, Gro\u00dfbritannien<\/a><br\/><a href=\"https:\/\/www.linkedin.com\/in\/dr-hywel-maslen-83248521\/?originalSubdomain=uk\">Dr. Hywel Maslen<\/a>, erfahrener unabh\u00e4ngiger Archivforscher im Vereinigten K\u00f6nigreich, spezialisiert auf Geschichte, Medien und Verlagswesen<\/p>\n\n<p><a href=\"https:\/\/www.linkedin.com\/in\/monica-ortega-29999a1\/?originalSubdomain=lu\" data-type=\"link\" data-id=\"https:\/\/www.linkedin.com\/in\/monica-ortega-29999a1\/?originalSubdomain=lu\">Monica Ortega, erfahrene freiberufliche Digital-Marketing-Expertin<\/a> <br\/><a href=\"https:\/\/www.manes.lu\/\">Website-Entwickler, Laurent Manes Infotech Solutions<\/a> <\/p>\n\n<p><\/p>\n\n<p><\/p>\n","protected":false},"excerpt":{"rendered":"<p>Nationalarchiv Luxemburg F\u00e9deration des enr\u00f4l\u00e9s de force Nationalmuseum des Widerstands und der Menschenrechte, Luxemburg Luxembourg Centre For Contemporary and Digital [&hellip;]<\/p>\n","protected":false},"author":1,"featured_media":0,"parent":0,"menu_order":0,"comment_status":"closed","ping_status":"closed","template":"","meta":{"site-sidebar-layout":"default","site-content-layout":"","ast-site-content-layout":"default","site-content-style":"default","site-sidebar-style":"default","ast-global-header-display":"","ast-banner-title-visibility":"","ast-main-header-display":"","ast-hfb-above-header-display":"","ast-hfb-below-header-display":"","ast-hfb-mobile-header-display":"","site-post-title":"","ast-breadcrumbs-content":"","ast-featured-img":"","footer-sml-layout":"","ast-disable-related-posts":"","theme-transparent-header-meta":"","adv-header-id-meta":"","stick-header-meta":"","header-above-stick-meta":"","header-main-stick-meta":"","header-below-stick-meta":"","astra-migrate-meta-layouts":"default","ast-page-background-enabled":"default","ast-page-background-meta":{"desktop":{"background-color":"var(--ast-global-color-5)","background-image":"","background-repeat":"repeat","background-position":"center center","background-size":"auto","background-attachment":"scroll","background-type":"","background-media":"","overlay-type":"","overlay-color":"","overlay-opacity":"","overlay-gradient":""},"tablet":{"background-color":"","background-image":"","background-repeat":"repeat","background-position":"center center","background-size":"auto","background-attachment":"scroll","background-type":"","background-media":"","overlay-type":"","overlay-color":"","overlay-opacity":"","overlay-gradient":""},"mobile":{"background-color":"","background-image":"","background-repeat":"repeat","background-position":"center center","background-size":"auto","background-attachment":"scroll","background-type":"","background-media":"","overlay-type":"","overlay-color":"","overlay-opacity":"","overlay-gradient":""}},"ast-content-background-meta":{"desktop":{"background-color":"var(--ast-global-color-4)","background-image":"","background-repeat":"repeat","background-position":"center center","background-size":"auto","background-attachment":"scroll","background-type":"","background-media":"","overlay-type":"","overlay-color":"","overlay-opacity":"","overlay-gradient":""},"tablet":{"background-color":"var(--ast-global-color-4)","background-image":"","background-repeat":"repeat","background-position":"center center","background-size":"auto","background-attachment":"scroll","background-type":"","background-media":"","overlay-type":"","overlay-color":"","overlay-opacity":"","overlay-gradient":""},"mobile":{"background-color":"var(--ast-global-color-4)","background-image":"","background-repeat":"repeat","background-position":"center center","background-size":"auto","background-attachment":"scroll","background-type":"","background-media":"","overlay-type":"","overlay-color":"","overlay-opacity":"","overlay-gradient":""}},"footnotes":""},"class_list":["post-4422","page","type-page","status-publish","hentry"],"_links":{"self":[{"href":"https:\/\/www.pierre-schon.lu\/de\/wp-json\/wp\/v2\/pages\/4422","targetHints":{"allow":["GET"]}}],"collection":[{"href":"https:\/\/www.pierre-schon.lu\/de\/wp-json\/wp\/v2\/pages"}],"about":[{"href":"https:\/\/www.pierre-schon.lu\/de\/wp-json\/wp\/v2\/types\/page"}],"author":[{"embeddable":true,"href":"https:\/\/www.pierre-schon.lu\/de\/wp-json\/wp\/v2\/users\/1"}],"replies":[{"embeddable":true,"href":"https:\/\/www.pierre-schon.lu\/de\/wp-json\/wp\/v2\/comments?post=4422"}],"version-history":[{"count":1,"href":"https:\/\/www.pierre-schon.lu\/de\/wp-json\/wp\/v2\/pages\/4422\/revisions"}],"predecessor-version":[{"id":4423,"href":"https:\/\/www.pierre-schon.lu\/de\/wp-json\/wp\/v2\/pages\/4422\/revisions\/4423"}],"wp:attachment":[{"href":"https:\/\/www.pierre-schon.lu\/de\/wp-json\/wp\/v2\/media?parent=4422"}],"curies":[{"name":"wp","href":"https:\/\/api.w.org\/{rel}","templated":true}]}}

Nützliche Links<br data-mce-bogus="1">

<p><a href="https://anlux.public.lu/fr.html">Nationalarchiv Luxemburg </a><br/><a href="http://www.ons-jongen-a-meedercher.lu/">Féderation des enrôlés de force</a> <br/><a href="https://mnr.lu/">Nationalmuseum des Widerstands und der Menschenrechte, Luxemburg </a><br/><a href="https://www.uni.lu/c2dh-en/">Luxembourg Centre For Contemporary and Digital History,&amp;nbsp;Universität Luxemburg</a><br/><a href="https://www.memorialmuseums.org/memorialmuseum/deportationsdenkmal-und-museum-bahnhof-hollerich">Museum-Memorial of Deportation. Hollerich, Luxemburg Stadt​​   </a><br/><a href="https://www.facebook.com/LetzebuergerPatrioteLiga/?locale=de_DE">Amicale LPL</a><br/><a href="https://www.vdl.lu/en/visiting/art-and-culture/cultural-institutions/photography/phototheque">Fotothek der Stadt Luxemburg</a><br/><a href="ttps://www.visit-eislek.lu/" data-type="link" data-id="ttps://www.visit-eislek.lu/">Visit Eislek</a> <br/><a href="https://dp.la/item/1ce079d27187c13c3f9d811cbcc0ac3b">Digital Public Library of America</a><br/><a href="https://francearchives.gouv.fr/service/34567">Französische Archive (Ministère de l’Europe et des Affaires Étrangères) </a><br/><a href="https://museedelaresistancedebondues.fr/le-musee">Widerstandsmuseum, Bondues, Frankreich</a><br/><a href="https://www.arch.be/index.php?l=en&amp;m=practical-information&amp;r=our-reading-rooms&amp;d=nab">Staatsarchiv Belgien</a><br/><a href="https://www.nationalarchives.gov.uk/">The National Archives, Großbritannien</a><br/><a href="https://www.linkedin.com/in/dr-hywel-maslen-83248521/?originalSubdomain=uk">Dr. Hywel Maslen</a>, erfahrener unabhängiger Archivforscher im Vereinigten Königreich, spezialisiert auf Geschichte, Medien und Verlagswesen</p>

<p><a href="https://www.linkedin.com/in/monica-ortega-29999a1/?originalSubdomain=lu" data-type="link" data-id="https://www.linkedin.com/in/monica-ortega-29999a1/?originalSubdomain=lu">Monica Ortega, erfahrene freiberufliche Digital-Marketing-Expertin</a> <br/><a href="https://www.manes.lu/">Website-Entwickler, Laurent Manes Infotech Solutions</a> </p>

<p></p>

<p></p>

<p>Nationalarchiv Luxemburg Féderation des enrôlés de force Nationalmuseum des Widerstands und der Menschenrechte, Luxemburg Luxembourg Centre For Contemporary and Digital [&hellip;]</p>
