{"id":3922,"date":"2025-04-01T19:30:38","date_gmt":"2025-04-01T17:30:38","guid":{"rendered":"https:\/\/www.pierre-schon.lu\/startseite\/"},"modified":"2025-11-24T15:42:13","modified_gmt":"2025-11-24T14:42:13","slug":"startseite","status":"publish","type":"page","link":"https:\/\/www.pierre-schon.lu\/de\/","title":{"rendered":"Startseite"},"content":{"rendered":"\n<div class=\"wp-block-group page-hero has-background is-content-justification-center is-nowrap is-layout-flex wp-container-core-group-is-layout-23441af8 wp-block-group-is-layout-flex\" style=\"background-color:#00a3e0\">\n<h2 class=\"wp-block-heading has-text-align-center hero-text has-ast-global-color-4-color has-text-color has-link-color wp-elements-1f0d37553dc3586e05d7a75546ed879a\" style=\"font-size:30px\">In liebevollem Gedenken an Pierre Schon (1915\u20131991)<br><\/h2>\n\n\n\n<div class=\"wp-block-group is-vertical is-layout-flex wp-container-core-group-is-layout-fe9cc265 wp-block-group-is-layout-flex\">\n<p class=\"has-ast-global-color-4-color has-text-color has-link-color wp-elements-b5be9b0022782dfb977bba45c8b0337e\"><\/p>\n<\/div>\n\n\n\n<figure class=\"wp-block-image is-resized\"><img decoding=\"async\" src=\"https:\/\/www.pierre-schon.lu\/wp-content\/uploads\/2025\/06\/PierreCoverPage-651x1024.jpg\" alt=\"The current image has no alternative text. The file name is: PierreCoverPage-scaled.jpg \" style=\"width:271px;height:auto\"\/><\/figure>\n<\/div>\n\n\n\n<p class=\"has-text-align-center has-vivid-cyan-blue-color has-text-color has-link-color wp-elements-2dd45969087970c87cfb8663220ceeb0\" style=\"margin-top:var(--wp--preset--spacing--60);margin-bottom:var(--wp--preset--spacing--60);font-size:27px\"><strong>Geschichte eines Patrioten und Mitglieds des luxemburgischen und belgischen Widerstands<\/strong><\/p>\n\n\n\n<p>Im Jahr 2025, w\u00e4hrend wir den 80. Jahrestag der Befreiung Luxemburgs begehen, stellte ich fest, dass es online nur sehr wenige Informationen \u00fcber die individuellen Beitr\u00e4ge der mutigen Mitglieder des Widerstands gibt. Die \u00dcberlebenden des Zweiten Weltkriegs sind nicht mehr da, um ihre Geschichten pers\u00f6nlich zu erz\u00e4hlen \u2013 Geschichten von Mut, Ausdauer und einem Leben unter der st\u00e4ndigen Bedrohung, gefangen genommen, gefoltert oder sogar hingerichtet zu werden. Diese Geschichten sollten der heutigen und k\u00fcnftigen Generation frei und leicht zug\u00e4nglich gemacht werden, damit wir die Opfer, die im Namen der Freiheit gestorben sind, niemals vergessen.   <\/p>\n\n\n\n<p>Eine Reise in die Nationalarchive Luxemburgs sowie in andere alliierte Archive, erg\u00e4nzt durch die Zeugnisse von Familie und Freunden, lieferte wertvolle Informationen, die es erm\u00f6glichten, den bemerkenswerten Lebensweg meines Schwiegervaters im von den Nazis besetzten Europa zu rekonstruieren und weiterzugeben.<br> <\/p>\n\n\n\n<p>Pierre Schon versteckte und rettete \u00fcber 100 Menschen \u2013 abgeschossene alliierte Flieger \u00fcber Europa, franz\u00f6sische Kriegsgefangene, Juden, luxemburgische Deserteure aus der deutschen Armee sowie Mitstreiter des Widerstands \u2013, von denen viele bei einer Gefangennahme durch die Besatzungstruppen mit schwerwiegenden Konsequenzen oder gar dem Tod h\u00e4tten rechnen m\u00fcssen.<\/p>\n\n\n\n<p>Wie Millionen andere wurde auch sein Schicksal tiefgreifend vom Verlauf des Krieges gepr\u00e4gt. Im April 1943, um einer Verhaftung durch die Gestapo zu entgehen, musste er fliehen. In den belgischen Ardennen fand er Zuflucht und schloss sich der Geheimen Armee an. Aus den dichten W\u00e4ldern operierte er und leitete eine Guerillaeinheit, einen sogenannten <em>Maqui<\/em>s, in der N\u00e4he von Lavacherie. Unter dem Dach des belgischen Widerstands f\u00fchrte er Sabotageakte gegen die Nazitruppen durch, um den alliierten Vormarsch nach der Landung der Normandie am D-Day (6. Juni 1944) zu unterst\u00fctzen und zur Befreiung Europas beizutragen.   <\/p>\n\n\n\n<p>Das Ausma\u00df und die Wirkung seiner Aktionen im Widerstand spiegeln sich in den hohen Auszeichnungen wider, die ihm sowohl in seiner Heimat Luxemburg als auch international von zahlreichen alliierten Nationen verliehen wurden \u2013 darunter Frankreich, Belgien, das britische Commonwealth, die Vereinigten Staaten von Amerika und Polen.<\/p>\n\n\n\n<p>Dies ist seine Geschichte!<\/p>\n\n\n\n<p>Diese Website ist auch eine Hommage an all die mutigen M\u00e4nner und Frauen, die 1945 die Befreiung nicht mehr erleben durften und ihr Leben lie\u00dfen.<\/p>\n\n\n\n<p class=\"has-vivid-cyan-blue-color has-text-color has-link-color has-medium-font-size wp-elements-bb4b2db07a4ccd5e5c079396519146a5\"><strong><br> Wichtige Meilensteine des Zweiten Weltkriegs in Westeuropa und H\u00f6hepunkte von Pierres paralleler Reise<\/strong><\/p>\n\n\n\n<div data-wp-interactive=\"core\/file\" class=\"wp-block-file\"><object data-wp-bind--hidden=\"!state.hasPdfPreview\" hidden class=\"wp-block-file__embed\" data=\"https:\/\/www.pierre-schon.lu\/wp-content\/uploads\/2025\/11\/MilestonesDE.pdf\" type=\"application\/pdf\" style=\"width:100%;height:600px\" aria-label=\"Einbettung von MilestonesDE.\"><\/object><a id=\"wp-block-file--media-fbc24f9c-aaf5-41e8-9d2c-cf09514655e4\" href=\"https:\/\/www.pierre-schon.lu\/wp-content\/uploads\/2025\/11\/MilestonesDE.pdf\">MilestonesDE<\/a><a href=\"https:\/\/www.pierre-schon.lu\/wp-content\/uploads\/2025\/11\/MilestonesDE.pdf\" class=\"wp-block-file__button wp-element-button\" download aria-describedby=\"wp-block-file--media-fbc24f9c-aaf5-41e8-9d2c-cf09514655e4\">Herunterladen<\/a><\/div>\n\n\n\n<div class=\"wp-block-buttons is-content-justification-center is-layout-flex wp-container-core-buttons-is-layout-a89b3969 wp-block-buttons-is-layout-flex\">\n<div class=\"wp-block-button\"><a class=\"wp-block-button__link has-text-align-center wp-element-button\" href=\"https:\/\/www.pierre-schon.lu\/de\/die-deutsche-invasion\/\">Weiter<\/a><\/div>\n<\/div>\n\n\n\n<p><\/p>\n","protected":false},"excerpt":{"rendered":"<p>In liebevollem Gedenken an Pierre Schon (1915\u20131991) Geschichte eines Patrioten und Mitglieds des luxemburgischen und belgischen Widerstands Im Jahr 2025, [&hellip;]<\/p>\n","protected":false},"author":1,"featured_media":0,"parent":0,"menu_order":0,"comment_status":"closed","ping_status":"closed","template":"","meta":{"site-sidebar-layout":"default","site-content-layout":"","ast-site-content-layout":"","site-content-style":"default","site-sidebar-style":"default","ast-global-header-display":"","ast-banner-title-visibility":"","ast-main-header-display":"","ast-hfb-above-header-display":"","ast-hfb-below-header-display":"","ast-hfb-mobile-header-display":"","site-post-title":"disabled","ast-breadcrumbs-content":"","ast-featured-img":"","footer-sml-layout":"","ast-disable-related-posts":"","theme-transparent-header-meta":"","adv-header-id-meta":"","stick-header-meta":"","header-above-stick-meta":"","header-main-stick-meta":"","header-below-stick-meta":"","astra-migrate-meta-layouts":"default","ast-page-background-enabled":"default","ast-page-background-meta":{"desktop":{"background-color":"var(--ast-global-color-5)","background-image":"","background-repeat":"repeat","background-position":"center center","background-size":"auto","background-attachment":"scroll","background-type":"","background-media":"","overlay-type":"","overlay-color":"","overlay-opacity":"","overlay-gradient":""},"tablet":{"background-color":"","background-image":"","background-repeat":"repeat","background-position":"center center","background-size":"auto","background-attachment":"scroll","background-type":"","background-media":"","overlay-type":"","overlay-color":"","overlay-opacity":"","overlay-gradient":""},"mobile":{"background-color":"","background-image":"","background-repeat":"repeat","background-position":"center center","background-size":"auto","background-attachment":"scroll","background-type":"","background-media":"","overlay-type":"","overlay-color":"","overlay-opacity":"","overlay-gradient":""}},"ast-content-background-meta":{"desktop":{"background-color":"var(--ast-global-color-4)","background-image":"","background-repeat":"repeat","background-position":"center center","background-size":"auto","background-attachment":"scroll","background-type":"","background-media":"","overlay-type":"","overlay-color":"","overlay-opacity":"","overlay-gradient":""},"tablet":{"background-color":"var(--ast-global-color-4)","background-image":"","background-repeat":"repeat","background-position":"center center","background-size":"auto","background-attachment":"scroll","background-type":"","background-media":"","overlay-type":"","overlay-color":"","overlay-opacity":"","overlay-gradient":""},"mobile":{"background-color":"var(--ast-global-color-4)","background-image":"","background-repeat":"repeat","background-position":"center center","background-size":"auto","background-attachment":"scroll","background-type":"","background-media":"","overlay-type":"","overlay-color":"","overlay-opacity":"","overlay-gradient":""}},"footnotes":""},"class_list":["post-3922","page","type-page","status-publish","hentry"],"_links":{"self":[{"href":"https:\/\/www.pierre-schon.lu\/de\/wp-json\/wp\/v2\/pages\/3922","targetHints":{"allow":["GET"]}}],"collection":[{"href":"https:\/\/www.pierre-schon.lu\/de\/wp-json\/wp\/v2\/pages"}],"about":[{"href":"https:\/\/www.pierre-schon.lu\/de\/wp-json\/wp\/v2\/types\/page"}],"author":[{"embeddable":true,"href":"https:\/\/www.pierre-schon.lu\/de\/wp-json\/wp\/v2\/users\/1"}],"replies":[{"embeddable":true,"href":"https:\/\/www.pierre-schon.lu\/de\/wp-json\/wp\/v2\/comments?post=3922"}],"version-history":[{"count":7,"href":"https:\/\/www.pierre-schon.lu\/de\/wp-json\/wp\/v2\/pages\/3922\/revisions"}],"predecessor-version":[{"id":4432,"href":"https:\/\/www.pierre-schon.lu\/de\/wp-json\/wp\/v2\/pages\/3922\/revisions\/4432"}],"wp:attachment":[{"href":"https:\/\/www.pierre-schon.lu\/de\/wp-json\/wp\/v2\/media?parent=3922"}],"curies":[{"name":"wp","href":"https:\/\/api.w.org\/{rel}","templated":true}]}}

<div class="wp-block-group page-hero has-background is-content-justification-center is-nowrap is-layout-flex wp-container-core-group-is-layout-23441af8 wp-block-group-is-layout-flex" style="background-color:#00a3e0">
<h2 class="wp-block-heading has-text-align-center hero-text has-ast-global-color-4-color has-text-color has-link-color wp-elements-1f0d37553dc3586e05d7a75546ed879a" style="font-size:30px">In liebevollem Gedenken an Pierre Schon (1915–1991)<br></h2>



<div class="wp-block-group is-vertical is-layout-flex wp-container-core-group-is-layout-fe9cc265 wp-block-group-is-layout-flex">
<p class="has-ast-global-color-4-color has-text-color has-link-color wp-elements-b5be9b0022782dfb977bba45c8b0337e"></p>
</div>



<figure class="wp-block-image is-resized"><img decoding="async" src="https://www.pierre-schon.lu/wp-content/uploads/2025/06/PierreCoverPage-651x1024.jpg" alt="The current image has no alternative text. The file name is: PierreCoverPage-scaled.jpg " style="width:271px;height:auto"/></figure>
</div>



<p class="has-text-align-center has-vivid-cyan-blue-color has-text-color has-link-color wp-elements-2dd45969087970c87cfb8663220ceeb0" style="margin-top:var(--wp--preset--spacing--60);margin-bottom:var(--wp--preset--spacing--60);font-size:27px"><strong>Geschichte eines Patrioten und Mitglieds des luxemburgischen und belgischen Widerstands</strong></p>



<p>Im Jahr 2025, während wir den 80. Jahrestag der Befreiung Luxemburgs begehen, stellte ich fest, dass es online nur sehr wenige Informationen über die individuellen Beiträge der mutigen Mitglieder des Widerstands gibt. Die Überlebenden des Zweiten Weltkriegs sind nicht mehr da, um ihre Geschichten persönlich zu erzählen – Geschichten von Mut, Ausdauer und einem Leben unter der ständigen Bedrohung, gefangen genommen, gefoltert oder sogar hingerichtet zu werden. Diese Geschichten sollten der heutigen und künftigen Generation frei und leicht zugänglich gemacht werden, damit wir die Opfer, die im Namen der Freiheit gestorben sind, niemals vergessen.   </p>



<p>Eine Reise in die Nationalarchive Luxemburgs sowie in andere alliierte Archive, ergänzt durch die Zeugnisse von Familie und Freunden, lieferte wertvolle Informationen, die es ermöglichten, den bemerkenswerten Lebensweg meines Schwiegervaters im von den Nazis besetzten Europa zu rekonstruieren und weiterzugeben.<br> </p>



<p>Pierre Schon versteckte und rettete über 100 Menschen – abgeschossene alliierte Flieger über Europa, französische Kriegsgefangene, Juden, luxemburgische Deserteure aus der deutschen Armee sowie Mitstreiter des Widerstands –, von denen viele bei einer Gefangennahme durch die Besatzungstruppen mit schwerwiegenden Konsequenzen oder gar dem Tod hätten rechnen müssen.</p>



<p>Wie Millionen andere wurde auch sein Schicksal tiefgreifend vom Verlauf des Krieges geprägt. Im April 1943, um einer Verhaftung durch die Gestapo zu entgehen, musste er fliehen. In den belgischen Ardennen fand er Zuflucht und schloss sich der Geheimen Armee an. Aus den dichten Wäldern operierte er und leitete eine Guerillaeinheit, einen sogenannten <em>Maqui</em>s, in der Nähe von Lavacherie. Unter dem Dach des belgischen Widerstands führte er Sabotageakte gegen die Nazitruppen durch, um den alliierten Vormarsch nach der Landung der Normandie am D-Day (6. Juni 1944) zu unterstützen und zur Befreiung Europas beizutragen.   </p>



<p>Das Ausmaß und die Wirkung seiner Aktionen im Widerstand spiegeln sich in den hohen Auszeichnungen wider, die ihm sowohl in seiner Heimat Luxemburg als auch international von zahlreichen alliierten Nationen verliehen wurden – darunter Frankreich, Belgien, das britische Commonwealth, die Vereinigten Staaten von Amerika und Polen.</p>



<p>Dies ist seine Geschichte!</p>



<p>Diese Website ist auch eine Hommage an all die mutigen Männer und Frauen, die 1945 die Befreiung nicht mehr erleben durften und ihr Leben ließen.</p>



<p class="has-vivid-cyan-blue-color has-text-color has-link-color has-medium-font-size wp-elements-bb4b2db07a4ccd5e5c079396519146a5"><strong><br> Wichtige Meilensteine des Zweiten Weltkriegs in Westeuropa und Höhepunkte von Pierres paralleler Reise</strong></p>



<div data-wp-interactive="core/file" class="wp-block-file"><object data-wp-bind--hidden="!state.hasPdfPreview" hidden class="wp-block-file__embed" data="https://www.pierre-schon.lu/wp-content/uploads/2025/11/MilestonesDE.pdf" type="application/pdf" style="width:100%;height:600px" aria-label="Einbettung von MilestonesDE."></object><a id="wp-block-file--media-fbc24f9c-aaf5-41e8-9d2c-cf09514655e4" href="https://www.pierre-schon.lu/wp-content/uploads/2025/11/MilestonesDE.pdf">MilestonesDE</a><a href="https://www.pierre-schon.lu/wp-content/uploads/2025/11/MilestonesDE.pdf" class="wp-block-file__button wp-element-button" download aria-describedby="wp-block-file--media-fbc24f9c-aaf5-41e8-9d2c-cf09514655e4">Herunterladen</a></div>



<div class="wp-block-buttons is-content-justification-center is-layout-flex wp-container-core-buttons-is-layout-a89b3969 wp-block-buttons-is-layout-flex">
<div class="wp-block-button"><a class="wp-block-button__link has-text-align-center wp-element-button" href="https://www.pierre-schon.lu/de/die-deutsche-invasion/">Weiter</a></div>
</div>



<p></p>
